10b7b - -1049?
11bc6
In base 12, what is -12 + 508473?
508461
In base 15, what is 8cdee - 4?
8cdea
In base 2, what is 11 + -1001111001101101111011?
-1001111001101101111000
In base 3, what is 11110111202 - -120002202?
12000121111
In base 5, what is -123 + 3332313312?
3332313134
In base 12, what is -1b638b - -a?
-1b6381
In base 7, what is 10 - -321065515?
321065525
In base 16, what is -323f1 + -55e?
-3294f
In base 14, what is 1 - 29515d?
-29515c
In base 5, what is -30131120232 + -4?
-30131120241
In base 4, what is -1 + 230132112121?
230132112120
In base 6, what is -30135 - 5004?
-35143
In base 10, what is 568 - 3463?
-2895
In base 5, what is -22224224 + -3?
-22224232
In base 6, what is 15100 - -41134?
100234
In base 2, what is -1001111101011000 - 11111?
-1001111101110111
In base 5, what is 234 + 2213101121?
2213101410
In base 2, what is 100 + 1011101001001100000011?
1011101001001100000111
In base 10, what is -424 + -30589?
-31013
In base 2, what is 1111110000100101100101001111 - 11?
1111110000100101100101001100
In base 7, what is -402 - 13204433?
-13205135
In base 5, what is -203121 + 21443?
-131123
In base 15, what is -4246 - -1c9e?
-2497
In base 14, what is 21 + -113a6a?
-113a49
In base 12, what is -aa1671 + 3?
-aa166a
In base 11, what is 0 + -10aa81?
-10aa81
In base 15, what is -25ac + -48e4e?
-4b50b
In base 16, what is 2acb + 827?
32f2
In base 15, what is 52cc - -35e2?
88be
In base 14, what is -4187 - -2783?
-1804
In base 9, what is -5721 + -2260?
-8081
In base 5, what is -4 - 101111303343?
-101111303402
In base 9, what is -782 - 627458?
-628351
In base 8, what is 14 - 4726203?
-4726167
In base 11, what is -2 + -12116559?
-12116560
In base 3, what is -11011000122 + 2021202?
-11001201220
In base 3, what is 102020200002 + -21?
102020122211
In base 15, what is -b + 22557c?
225571
In base 13, what is -3899a5 - 6c?
-389a44
In base 16, what is 31785c - -194?
3179f0
In base 13, what is -9 + -104c5b?
-104c67
In base 16, what is 5 + -6f94668?
-6f94663
In base 15, what is 2cc1 - 38e?
2932
In base 15, what is 122d9 - -667?
12951
In base 6, what is 0 - -131044125?
131044125
In base 3, what is -1112 - -101221210211?
101221202022
In base 6, what is 0 - 1525524332?
-1525524332
In base 8, what is 3152370 + -363?
3152005
In base 16, what is -5ec105 + -4?
-5ec109
In base 4, what is -32012201010 - -201?
-32012200203
In base 13, what is 2 - 4647c56?
-4647c54
In base 15, what is -462729c - -5?
-4627297
In base 6, what is 30030323 + -3210?
30023113
In base 14, what is -10c7c9 - -a?
-10c7bd
In base 6, what is 4331341554 - 10?
4331341544
In base 7, what is 14032502544 - 1?
14032502543
In base 15, what is 0 - 2199d7?
-2199d7
In base 6, what is -3153 + 2115131?
2111534
In base 16, what is -28 + 269b9?
26991
In base 12, what is b3b86 - 21b?
b3967
In base 14, what is 21ad25 - -9?
21ad30
In base 16, what is 20df2 + -27?
20dcb
In base 14, what is -141a6b - -107?
-141964
In base 14, what is -208 - -39090?
38c86
In base 4, what is 3133003222313 + 3?
3133003222322
In base 15, what is -14cde - 35?
-14d24
In base 9, what is -8473 + -102778?
-112362
In base 4, what is 12031200 - 2230131?
3201003
In base 13, what is 6 + -274811?
-274808
In base 3, what is -111220100 + -11000211?
-122221011
In base 8, what is -22012124 + -35?
-22012161
In base 9, what is -6601 + -135157?
-142758
In base 16, what is 7 + -b2fe08?
-b2fe01
In base 15, what is -5 + 3e343c?
3e3437
In base 11, what is -2a8 + -149720?
-149a18
In base 4, what is -33300 - 23310302?
-30010202
In base 6, what is -23515330 + 24?
-23515302
In base 14, what is 4 + -5730813?
-573080d
In base 6, what is 1 - 31135023142?
-31135023141
In base 16, what is -29d3a12 - 4?
-29d3a16
In base 10, what is -3 + -11529096?
-11529099
In base 9, what is 213 + 1174018?
1174232
In base 14, what is -1d6852 - a?
-1d685c
In base 7, what is 102165353 - 20?
102165333
In base 2, what is -10101 - -11011100010100100001?
11011100010100001100
In base 6, what is -322554 - -243235?
-35315
In base 8, what is 111 + 673550?
673661
In base 15, what is 1d4ba76 - 4?
1d4ba72
In base 14, what is -a7a0 - 93?
-a853
In base 15, what is 9d + 6ec22?
6ecc0
In base 14, what is 155 - 14456?
-14301
In base 5, what is -123 + -233142300?
-233142423
In base 16, what is -8a - e453?
-e4dd
In base 3, what is -2011212122021 + 111100?
-2011212010221
In base 10, what is -5 + -9190922?
-9190927
In base 10, what is 0 - 50565723?
-50565723
In base 12, what is 1 - -33625760?
33625761
In base 7, what is -112 - 526635?
-530050
In base 11, what is a16a6 + -95?
a1611
In base 16, what is ceefb0 - -4?
ceefb4
In base 3, what is 0 - 2112201202000111?
-2112201202000111
In base 6, what is -225242103441 - 2?
-225242103443
In base 5, what is -144 + 142133132?
142132433
In base 6, what is 12 + 12531111?
12531123
In base 12, what is b4 + a46b91?
a47085
In base 12, what is 17b5b8 + -41?
17b577
In base 6, what is -2412314400 - 0?
-2412314400
In base 11, what is 3a2875 + -188?
3a2698
In base 7, what is 115643432 - -41?
115643503
In base 13, what is -14093 + -2cc?
-14392
In base 14, what is -4 + -3c76050?
-3c76054
In base 15, what is -3 - -beb0e8e?
beb0e8b
In base 4, what is 3120 - -30112211?
30121331
In base 5, what is 11 + -113013303424?
-113013303413
In base 10, what is 13526400 - -5?
13526405
In base 2, what is 10111111111111010001011010101 + -11?
10111111111111010001011010010
In base 9, what is 407 - 158685?
-158277
In base 4, what is 103102331123 - 331?
103102330132
In base 13, what is 7 + 84c052?
84c059
In base 12, what is -20 + -39a36?
-39a56
In base 6, what is 2420005414 - -5?
2420005423
In base 4, what is 201 + 321032131210?
321032132011
In base 13, what is -228aa - -8aa?
-22000
In base 2, what is 10101 + -10010100010111001010010101?
-10010100010111001010000000
In base 3, what is 1122022112011011 + -10?
1122022112011001
In base 9, what is -1344 - 243510?
-244854
In base 2, what is 10011011100100000100111 + 10?
10011011100100000101001
In base 3, what is -1022001 + -10020110001212?
-10020111100220
In base 5, what is 21204141211 + 13?
21204141224
In base 16, what is 3 - 36d99d?
-36d99a
In base 2, what is -11111001000010010001011101 - -11?
-11111001000010010001011010
In base 15, what is -1dbe12 - 152?
-1dc064
In base 3, what is -21121010012010 + -1?
-21121010012011
In base 10, what is -309774914 + 3?
-309774911
In base 11, what is 370 - -45001?
45371
In base 4, what is -220013332 + 30221?
-213323111
In base 5, what is 114 - 122121033?
-122120414
In base 5, what is 1140320011 - -3?
1140320014
In base 14, what is 838ac + 59?
83927
In base 9, what is -217 + 7718?
7501
In base 10, what is 0 + -1344275?
-1344275
In base 9, what is 105 - -1318510?
1318615
In base 10, what is 8610997 + -2?
8610995
In base 3, what is -11102 + -10000200011?
-10000211120
In base 8, what is 5407661 + -11?
5407650
In base 11, what is 29 + -3663724?
-36636a6
In base 7, what is -605 + -14600?
-15505
In base 8, what is -240 - 43621?
-44061
In base 4, what is -10130110 - -3202?
-10120302
In base 2, what is -11 + -10010000011110100010001011?
-10010000011110100010001110
In base 4, what is -211113 - 331?
-212110
In base 4, what is -110223 + 103223003?
103112120
In base 7, what is 5 - -3553624534?
3553624542
In base 2, what is 101011000010100011000111 + -11?
101011000010100011000100
In base 15, what is 163 - -1535?
1698
In base 9, what is -222538865 - 3?
-222538868
In base 3, what is 21220101212 + 211?
21220102200
In base 12, what is 7b4b802 - 2?
7b4b800
In base 13, what is 32 - 20a259?
-20a227
In base 7, what is 50 + -110645252?
-110645202
In base 3, what is 22011020212211 + 11?
22011020212222
In base 13, what is -2 - 26c739?
-26c73b
In base 5, what is -122313 - -21240000?
21112132
In base 11, what is -3 + -121235?
-121238
In base 10, what is -17 - -24513?
24496
In base 11, what is -726 - 1a43a?
-20065
In base 2, what is -10 + -1011100111000110000?
-1011100111000110010
In base 2, what is -100 + 110010010101010010011?
110010010101010001111
In base 2, what is -101011001110101101 + 1101100111?
-101011000001000110
In base 4, what is -30313 + -1223332?
-1320311
In base 12, what is 1a46b03 - 38?
1a46a87
In base 8, what is -32361577 - 10?
-32361607
In base 4, what is 21 + -1120320101?
-1120320020
In base 4, what is 132 + 22113020?
2211